 6, what is 512001042 - -102?
512001144
In base 2, what is 111111 - 10011000010111101001?
-10011000010110101010
In base 2, what is 1100 - -1010000101110001010?
1010000101110010110
In base 2, what is -101010010 + -100100111100?
-101010001110
In base 5, what is 1210142141 - -41?
1210142232
In base 8, what is 342357 + 47?
342426
In base 8, what is -2 + 1430633554?
1430633552
In base 11, what is 79713383 + -5?
79713379
In base 8, what is 7360 + -6050?
1310
In base 4, what is -3312100201 + -2?
-3312100203
In base 13, what is -9 + -9b649ab?
-9b649b7
In base 12, what is -2 - -88aa8?
88aa6
In base 3, what is -21 + 110221210102211?
110221210102120
In base 9, what is 0 - 144826520?
-144826520
In base 2, what is -11111 + 1011111010001010?
1011111001101011
In base 9, what is -15604230 - -12?
-15604217
In base 5, what is -224 - -10302314112?
10302313333
In base 5, what is 3244414123 + -11?
3244414112
In base 7, what is 1 - -3032012?
3032013
In base 11, what is -1 + 1949345?
1949344
In base 2, what is -110110010111111010 + 0?
-110110010111111010
In base 9, what is -2467 + -342?
-2820
In base 5, what is -424020043 - -2?
-424020041
In base 3, what is 10102011122 - -20110102?
10122122001
In base 2, what is -101011010010011111100000 + 10010?
-101011010010011111001110
In base 12, what is -203050 - 50?
-2030a0
In base 9, what is -488 + 114835?
114336
In base 9, what is -335 - -27620?
27274
In base 14, what is -3157db5 + 4?
-3157db1
In base 14, what is 314375 + -8b?
3142c8
In base 9, what is 607 - -447258?
447866
In base 16, what is -fc - 4d23ed?
-4d24e9
In base 8, what is 31115 + 1113?
32230
In base 2, what is -101101110001001011 + 1110111011?
-101101100010010000
In base 4, what is -11 + -232110001123?
-232110001200
In base 13, what is 63a33aaa + 4?
63a33ab1
In base 6, what is 3203000 - -53?
3203053
In base 7, what is -4 + 540351135?
540351131
In base 2, what is 10 + -10000000100000111100111000000?
-10000000100000111100110111110
In base 6, what is -2301 - -140453543?
140451242
In base 10, what is -196 + -10939?
-11135
In base 15, what is -21 + 2a70?
2a4e
In base 5, what is -1303 - 1124422320?
-1124424123
In base 14, what is 1 - ba6b42a?
-ba6b429
In base 14, what is -51 - 15470b?
-15475c
In base 5, what is 13041032 + -1302?
13034230
In base 4, what is -201023230 + -33022?
-201122312
In base 5, what is 12303310343 - 2?
12303310341
In base 7, what is 0 + -16503616?
-16503616
In base 10, what is 359952 + 41?
359993
In base 2, what is -11 - -1000100100000000001010?
1000100100000000000111
In base 13, what is -a1c - 1b888?
-1c5a7
In base 11, what is -8866 + a3a?
-7927
In base 9, what is -65 - -226847?
226772
In base 3, what is 102 - -11012012212210?
11012012220012
In base 3, what is -11022021020022221 - -12?
-11022021020022202
In base 13, what is 0 - -63881b0?
63881b0
In base 16, what is 14 - 706d8b?
-706d77
In base 3, what is -1221202120 + -100?
-1221202220
In base 12, what is 8abb91 - 28?
8abb65
In base 9, what is 42 - -56600?
56642
In base 14, what is -43 - -1d6a360?
1d6a31b
In base 6, what is 223 + 15154310?
15154533
In base 7, what is 216546161 + -1?
216546160
In base 8, what is -3 - -271641143?
271641140
In base 11, what is 1 + 6503754?
6503755
In base 15, what is -3b - 57c8?
-5814
In base 4, what is -133133233 - 313?
-133200212
In base 9, what is -330202676 - 1?
-330202677
In base 4, what is 230 + 230200112?
230201002
In base 8, what is 4225 + -4466?
-241
In base 10, what is -247 + -1175024?
-1175271
In base 12, what is -5 + -14298b?
-142994
In base 9, what is 756 - 25083?
-24226
In base 7, what is 15 + -1050513224?
-1050513206
In base 8, what is 1 - 373115614?
-373115613
In base 10, what is 35 + 1268537?
1268572
In base 15, what is 2 + -13e9c6?
-13e9c4
In base 12, what is a46 - b8?
94a
In base 8, what is 145113 - 1715?
143176
In base 14, what is -2055 - 5c8b9?
-60930
In base 15, what is -a060dd9b - 2?
-a060dd9d
In base 7, what is -22214461 + -46?
-22214540
In base 15, what is -456bd32 - 0?
-456bd32
In base 16, what is 41b7 - 53?
4164
In base 5, what is 3304213110 + -2?
3304213103
In base 14, what is 4 + -77ca54?
-77ca50
In base 9, what is 32 - -13780?
13822
In base 4, what is 1123310 - 1211011?
-21101
In base 10, what is -492105 + 18?
-492087
In base 5, what is -1120 - -1224404?
1223234
In base 7, what is 241535 - 21534?
220001
In base 8, what is 126041 - 2161?
123660
In base 14, what is 15269 - -bbbb?
23046
In base 13, what is -642 + 77284?
76942
In base 6, what is 113145 + 1221?
114410
In base 8, what is 122 - -3023171?
3023313
In base 3, what is -100110011 + 1202012?
-21200222
In base 7, what is -213452 + 3014?
-210435
In base 10, what is -8224 + -114115?
-122339
In base 13, what is -276c + 11b2?
-158a
In base 11, what is 39a - -6a0701?
6a0aa0
In base 6, what is 242030 + 1032?
243102
In base 6, what is -512 - 25100331?
-25101243
In base 4, what is 220312010 + -121222?
220130122
In base 4, what is 2002111230220 - 1?
2002111230213
In base 12, what is -2834 - -115?
-271b
In base 10, what is -24257052 + 0?
-24257052
In base 10, what is -55529 + 6314?
-49215
In base 15, what is -56547 + 1?
-56546
In base 8, what is -3007430162 - 3?
-3007430165
In base 12, what is 241084 - 8?
241078
In base 14, what is -1b + 4c34c7?
4c34aa
In base 12, what is 48982 - 44?
4893a
In base 7, what is -2 + -1203014360?
-1203014362
In base 3, what is -102010 - 12110221212000?
-12110222021010
In base 11, what is -232915 + 48?
-232878
In base 3, what is 21110012 - 12001110212?
-11210000200
In base 15, what is -308e - -141a?
-1b74
In base 6, what is -23054243 + -40?
-23054323
In base 15, what is 5dd7 + c7d?
6b65
In base 6, what is 1141501140 + 115?
1141501255
In base 11, what is 264 + 16879?
17032
In base 5, what is -1300 + -12441101?
-12442401
In base 13, what is -219 + -c214?
-c430
In base 12, what is -82 - 1a97b?
-1aa41
In base 16, what is -3e84490 - 0?
-3e84490
In base 14, what is -264 + 97cc3?
97a5d
In base 4, what is 20122003002312 - 1?
20122003002311
In base 15, what is -6e5a8 - 839?
-6ede2
In base 4, what is 2201010002 - -10220?
2201020222
In base 10, what is -461 - 30001?
-30462
In base 10, what is -1 - 6529485?
-6529486
In base 2, what is -100011100010011110101 + 100110?
-100011100010011001111
In base 10, what is -4 + -47909289?
-47909293
In base 9, what is 54435 + -2243?
52182
In base 16, what is -2 + 36d54d3?
36d54d1
In base 12, what is 65350 + 37?
65387
In base 15, what is 5 - -1645245?
164524a
In base 7, what is 216415613 + 4?
216415620
In base 6, what is 0 - -310110514?
310110514
In base 11, what is -529601 - 5?
-529606
In base 7, what is -200600 - -40403?
-130164
In base 4, what is -103013332 + -2102?
-103022100
In base 7, what is 1425 - 1363062?
-1361334
In base 8, what is -12476 - -22514?
10016
In base 15, what is -24516 + 6aa?
-23d5b
In base 15, what is -3c757 - a?
-3c762
In base 3, what is -20001 + 2120200100?
2120110022
In base 2, what is 100110010001001110100 - 10010111?
100110010000111011101
In base 6, what is 10054 + 20434?
30532
In base 5, what is 100210200231 + -2?
100210200224
In base 4, what is 1121233111132 - 0?
1121233111132
In base 16, what is 1c85 - 9a3?
12e2
In base 15, what is a - 76ddd6b?
-76ddd61
In base 16, what is 120 - -8728a?
873aa
In base 10, what is 12412309 - 1?
12412308
In base 2, what is -10000111101010010011111101 + 10111?
-10000111101010010011100110
In base 2, what is 101001111 - 1110100010100111100?
-1110100001111101101
In base 3, what is 12201112001 - -102222222?
20011112000
In base 13, what is 2 + 1835007?
1835009
In base 6, what is -1023022245 + 201?
-1023022044
In base 13, what is 31a + -b?
30c
In base 13, what is 3632292 + -1?
3632291
In base 4, what is 102131212 + -1122032?
101003120
In base 16, what is -7512a05 + -5?
-7512a0a
In base 14, what is 12 - 3b223a?
-3b2228
In base 3, what is 1121011 + 11000020001?
11001211012
In base 9, what is -1722 - 2487?
-4320
In base 16, what is 86f6 - 19f1?
6d05
In base 2, what is -11100001111010101100 + -11?
-11100001111010101111
In base 9, what is -26 - -16482702?
16482665
In base 8, what is -14250426 + -11?
-14250437
In base 6, what is -34125413 + -343?
-34130200
In base 15, what is a15cd3 + 4?
a15cd7
In base 10, what is 45 - -81569?
81614
In base 8, what is 4 + 40611475?
40611501
In base 13, what